n base 13?
3a
-1001111 (base 2) to base 5
-304
-a8 (base 13) to base 7
-255
What is -69 (base 14) in base 15?
-63
50 (base 9) to base 5
140
Convert 1 (base 11) to base 4.
1
Convert 44 (base 12) to base 6.
124
Convert 10 (base 2) to base 12.
2
Convert 3 (base 14) to base 9.
3
What is -21 (base 4) in base 13?
-9
What is -4 (base 12) in base 14?
-4
-26 (base 12) to base 14
-22
What is 120 (base 3) in base 8?
17
What is 111 (base 4) in base 12?
19
What is -211 (base 5) in base 13?
-44
What is 2 (base 10) in base 9?
2
-82 (base 15) to base 9
-145
What is 0 (base 3) in base 5?
0
69 (base 13) to base 2
1010111
98 (base 16) to base 12
108
176 (base 12) to base 2
11101010
a1 (base 13) to base 16
83
101 (base 3) to base 2
1010
2 (base 12) to base 4
2
19 (base 15) to base 6
40
What is 103 (base 6) in base 13?
30
Convert 7 (base 8) to base 2.
111
Convert 332 (base 4) to base 3.
2022
Convert 1a (base 15) to base 13.
1c
Convert 33 (base 15) to base 14.
36
What is 1202 (base 3) in base 6?
115
Convert 6 (base 16) to base 15.
6
-4 (base 16) to base 12
-4
What is -20 (base 14) in base 15?
-1d
Convert -11 (base 10) to base 12.
-b
111 (base 4) to base 6
33
What is 344 (base 8) in base 11?
198
Convert -1114 (base 6) to base 9.
-321
Convert 10 (base 4) to base 9.
4
Convert -3 (base 5) to base 12.
-3
What is 2 (base 14) in base 8?
2
-4 (base 14) to base 13
-4
What is 0 (base 9) in base 12?
0
2 (base 9) to base 15
2
What is 11 (base 4) in base 7?
5
Convert 6a (base 11) to base 4.
1030
What is 11 (base 8) in base 15?
9
56 (base 8) to base 6
114
Convert -51 (base 9) to base 6.
-114
What is 103 (base 10) in base 5?
403
What is -11 (base 2) in base 12?
-3
38 (base 12) to base 5
134
Convert -1 (base 11) to base 5.
-1
Convert 235 (base 6) to base 15.
65
What is 3 (base 14) in base 15?
3
Convert -a (base 13) to base 15.
-a
Convert -444 (base 6) to base 2.
-10101100
-9 (base 10) to base 5
-14
Convert -24 (base 6) to base 13.
-13
What is 11 (base 9) in base 15?
a
Convert 1 (base 13) to base 5.
1
3 (base 7) to base 10
3
-8 (base 12) to base 13
-8
Convert 1111011 (base 2) to base 12.
a3
-122 (base 13) to base 9
-238
What is -1 (base 6) in base 7?
-1
What is -10 (base 11) in base 4?
-23
-100 (base 2) to base 11
-4
Convert 4 (base 10) to base 14.
4
What is 50 (base 8) in base 16?
28
What is -201 (base 4) in base 16?
-21
Convert 1021 (base 3) to base 2.
100010
112 (base 6) to base 12
38
What is -25 (base 14) in base 12?
-29
What is -6e (base 16) in base 14?
-7c
11 (base 11) to base 8
14
Convert -4 (base 11) to base 6.
-4
Convert 2 (base 9) to base 15.
2
What is b (base 12) in base 15?
b
What is -1 (base 12) in base 11?
-1
-59 (base 15) to base 4
-1110
What is 59 (base 10) in base 6?
135
What is -1010100 (base 2) in base 7?
-150
Convert 98 (base 11) to base 8.
153
-401 (base 5) to base 4
-1211
0 (base 6) to base 9
0
Convert 10 (base 3) to base 6.
3
What is 2 (base 5) in base 2?
10
What is -233 (base 5) in base 4?
-1010
What is 2 (base 15) in base 3?
2
-27 (base 12) to base 9
-34
Convert -1 (base 10) to base 2.
-1
Convert 3 (base 14) to base 15.
3
Convert 3 (base 11) to base 8.
3
Convert -1 (base 9) to base 13.
-1
11 (base 9) to base 11
a
41 (base 16) to base 12
55
Convert 5 (base 10) to base 13.
5
Convert 6 (base 7) to base 16.
6
What is -127 (base 10) in base 3?
-11201
What is 7 (base 11) in base 6?
11
Convert 112 (base 10) to base 8.
160
What is -1 (base 7) in base 14?
-1
What is -9 (base 14) in base 10?
-9
-1100 (base 5) to base 8
-226
What is 4 (base 13) in base 3?
11
10101 (base 2) to base 8
25
Convert -10 (base 3) to base 5.
-3
Convert 4 (base 13) to base 7.
4
1 (base 7) to base 9
1
What is -1000010 (base 2) in base 12?
-56
-250 (base 11) to base 3
-102000
0 (base 15) to base 13
0
What is -29 (base 14) in base 10?
-37
Convert -1 (base 5) to base 9.
-1
206 (base 10) to base 2
11001110
What is 40 (base 12) in base 5?
143
101 (base 2) to base 4
11
Convert 2d (base 14) to base 15.
2b
-1010 (base 2) to base 3
-101
Convert -400 (base 5) to base 7.
-202
4 (base 7) to base 15
4
What is -22 (base 6) in base 8?
-16
233 (base 7) to base 5
442
-1c (base 14) to base 5
-101
-4 (base 5) to base 11
-4
Convert -270 (base 12) to base 15.
-19c
1 (base 6) to base 11
1
7 (base 15) to base 7
10
-30 (base 8) to base 11
-22
What is -130 (base 7) in base 2?
-1000110
11 (base 2) to base 16
3
-1 (base 7) to base 11
-1
Convert -1101 (base 2) to base 15.
-d
What is -2 (base 15) in base 4?
-2
What is -125 (base 14) in base 15?
-104
Convert 0 (base 16) to base 13.
0
32 (base 7) to base 3
212
1012 (base 3) to base 2
100000
100 (base 2) to base 9
4
Convert 1000001 (base 2) to base 13.
50
Convert 320 (base 4) to base 9.
62
Convert -2002 (base 3) to base 5.
-211
Convert 1 (base 13) to base 5.
1
What is 4 (base 7) in base 16?
4
-2 (base 7) to base 9
-2
11 (base 9) to base 10
10
15 (base 6) to base 7
14
Convert -144 (base 7) to base 4.
-1101
Convert 52 (base 16) to base 10.
82
Convert -a (base 13) to base 10.
-10
What is -5 (base 14) in base 4?
-11
-67 (base 15) to base 8
-141
-18 (base 16) to base 13
-1b
What is -4 (base 14) in base 15?
-4
Convert -3 (base 15) to base 4.
-3
5 (base 15) to base 4
11
What is 107 (base 9) in base 16?
58
What is 4 (base 5) in base 13?
4
Convert -3 (base 12) to base 5.
-3
-2 (base 15) to base 11
-2
Convert 140 (base 6) to base 13.
48
-10 (base 6) to base 13
-6
Convert -4 (base 14) to base 6.
-4
What is -4 (base 5) in base 10?
-4
211 (base 4) to base 10
37
Convert -a8 (base 12) to base 16.
-80
What is 2 (base 6) in base 4?
2
Convert 49 (base 15) to base 13.
54
9 (base 11) to base 16
9
Convert 0 (base 2) to base 5.
0
Convert 12 (base 5) to base 11.
7
Convert -1111100 (base 2) to base 7.
-235
1a7 (base 12) to base 8
417
Convert 203 (base 7) to base 15.
6b
Convert 377 (base 8) to base 9.
313
What is -7 (base 9) in base 13?
-7
What is -8 (base 9) in base 14?
-8
What is -11010 (base 2) in base 7?
-35
Convert -5 (base 14) to base 13.
-5
What is 10 (base 3) in base 5?
3
110 (base 5) to base 16
1e
What is 1 (base 8) in base 5?
1
Convert -167 (base 9) to base 5.
-1032
-2 (base 15) to base 16
-2
Convert 3 (base 16) to base 7.
3
48 (base 14) to base 3
2101
What is -52 (base 8) in base 6?
-110
Convert -27 (base 10) to base 8.
-33
Convert -142 (base 9) to base 10.
-119
What is -10 (base 4) in base 10?
-4
-11001 (base 3) to base 11
-9a
-51 (base 7) to base 9
-40
Convert -5 (base 6) to base 7.
-5
14 (base 6) to base 4
22
Convert 0 (base 15) to base 2.
0
-1 (base 4) to base 13
-1
Convert -4 (base 9) to base 3.
-11
Convert -13 (base 12) to base 10.
-15
1 (base 9) to base 13
1
Convert 64 (base 13) to base 16.
52
Convert -33 (base 15) to base 6.
-120
115 (base 12) to base 8
241
-127 (base 8) to base 6
-223
-64 (base 11) to base 9
-77
Convert 17 (base 11) to base 2.
10010
d6 (base 15) to base 3
21110
What is -15 (base 8) in base 16?
-d
Convert -1 (base 7) to base 16.
-1
1 (base 14) to base 15
1
Convert 2 (base 7) to base 12.
2
What is -10 (base 6) in base 7?
-6
-1b (base 12) to base 7
-32
274 (base 11) to base 13
1bb
4 (base 9) to base 14
4
1 (base 6) to base 9
1
What is 3 (base 12) in base 8?
3
What is -6 (base 12) in base 11?
-6
What is -243 (base 6) in base 13?
-78
Convert -2 (base 6) to base 15.
-2
Convert 34 (base 15) to base 11.
45
What is -4c (base 13) in base 11?
-59
-2 (base 14) to base 8
-2
What is -61 (base 14) in base 8?
-125
-10 (base 3) to base 4
-3
3 (base 11) to base 6
3
Convert 14d (base 14) to base 5.
2030
-90 (base 13) to base 3
-11100
Convert -100 (base 3) to base 6.
-13
What is 3a (base 13) in base 12?
41
Convert -1 (base 7) to base 15.
-1
Convert -102 (base 10) to base 4.
-1212
Convert -2 (base 11) to base 5.
-2
Convert 143 (base 7) to base 12.
68
-9 (base 13) to base 3
-100
-2 (base 15) to base 11
-2
112 (base 3) to base 8
16
Convert 11010100 (base 2) to base 3.
21212
-11000 (base 2) to base 3
-220
What is -3 (base 10) in base 14?
-3
-4 (base 9) to base 13
-4
Convert b5 (base 15) to base 2.
10101010
Convert 31 (base 14) to base 11.
3a
Convert -2221 (base 4) to base 10.
-169
Convert -1a (base 16) to base 13.
-20
-16 (base 14) to base 10
-20
9c (base 13) to base 12
a9
What is -3 (base 5) in base 3?
-10
What is 24 (base 7) in base 9?
20
What is -221 (base 4) in base 3?
-1112
-14